{"id":5578,"date":"2024-02-22T14:51:46","date_gmt":"2024-02-22T13:51:46","guid":{"rendered":"https:\/\/fenasu.cm\/?page_id=5578"},"modified":"2024-04-05T16:37:24","modified_gmt":"2024-04-05T14:37:24","slug":"conseil-federal","status":"publish","type":"page","link":"https:\/\/fenasu.cm\/index.php\/conseil-federal\/","title":{"rendered":"Conseil F\u00e9d\u00e9ral"},"content":{"rendered":"\t\t<div data-elementor-type=\"wp-page\" data-elementor-id=\"5578\" class=\"elementor elementor-5578\">\n\t\t\t\t\t\t<section class=\"elementor-section elementor-top-section elementor-element elementor-element-f24a1f9 elementor-section-boxed elementor-section-height-default elementor-section-height-default wpr-particle-no wpr-jarallax-no wpr-parallax-no wpr-sticky-section-no\" data-id=\"f24a1f9\" data-element_type=\"section\">\n\t\t\t\t\t\t<div class=\"elementor-container elementor-column-gap-default\">\n\t\t\t\t\t<div class=\"elementor-column elementor-col-100 elementor-top-column elementor-element elementor-element-3c5f707\" data-id=\"3c5f707\" data-element_type=\"column\">\n\t\t\t<div class=\"elementor-widget-wrap elementor-element-populated\">\n\t\t\t\t\t\t<div class=\"elementor-element elementor-element-cdd7cab e-transform e-transform e-transform elementor-widget elementor-widget-text-editor\" data-id=\"cdd7cab\" data-element_type=\"widget\" data-settings=\"{&quot;_transform_translateX_effect&quot;:{&quot;unit&quot;:&quot;px&quot;,&quot;size&quot;:&quot;&quot;,&quot;sizes&quot;:[]},&quot;_transform_translateX_effect_tablet&quot;:{&quot;unit&quot;:&quot;px&quot;,&quot;size&quot;:&quot;&quot;,&quot;sizes&quot;:[]},&quot;_transform_translateX_effect_mobile&quot;:{&quot;unit&quot;:&quot;px&quot;,&quot;size&quot;:&quot;&quot;,&quot;sizes&quot;:[]},&quot;_transform_translateY_effect&quot;:{&quot;unit&quot;:&quot;px&quot;,&quot;size&quot;:&quot;&quot;,&quot;sizes&quot;:[]},&quot;_transform_translateY_effect_tablet&quot;:{&quot;unit&quot;:&quot;px&quot;,&quot;size&quot;:&quot;&quot;,&quot;sizes&quot;:[]},&quot;_transform_translateY_effect_mobile&quot;:{&quot;unit&quot;:&quot;px&quot;,&quot;size&quot;:&quot;&quot;,&quot;sizes&quot;:[]},&quot;_transform_scale_effect&quot;:{&quot;unit&quot;:&quot;px&quot;,&quot;size&quot;:&quot;&quot;,&quot;sizes&quot;:[]},&quot;_transform_scale_effect_tablet&quot;:{&quot;unit&quot;:&quot;px&quot;,&quot;size&quot;:&quot;&quot;,&quot;sizes&quot;:[]},&quot;_transform_scale_effect_mobile&quot;:{&quot;unit&quot;:&quot;px&quot;,&quot;size&quot;:&quot;&quot;,&quot;sizes&quot;:[]},&quot;_transform_skewX_effect&quot;:{&quot;unit&quot;:&quot;px&quot;,&quot;size&quot;:&quot;&quot;,&quot;sizes&quot;:[]},&quot;_transform_skewX_effect_tablet&quot;:{&quot;unit&quot;:&quot;deg&quot;,&quot;size&quot;:&quot;&quot;,&quot;sizes&quot;:[]},&quot;_transform_skewX_effect_mobile&quot;:{&quot;unit&quot;:&quot;deg&quot;,&quot;size&quot;:&quot;&quot;,&quot;sizes&quot;:[]},&quot;_transform_skewY_effect&quot;:{&quot;unit&quot;:&quot;px&quot;,&quot;size&quot;:&quot;&quot;,&quot;sizes&quot;:[]},&quot;_transform_skewY_effect_tablet&quot;:{&quot;unit&quot;:&quot;deg&quot;,&quot;size&quot;:&quot;&quot;,&quot;sizes&quot;:[]},&quot;_transform_skewY_effect_mobile&quot;:{&quot;unit&quot;:&quot;deg&quot;,&quot;size&quot;:&quot;&quot;,&quot;sizes&quot;:[]}}\" data-widget_type=\"text-editor.default\">\n\t\t\t\t<div class=\"elementor-widget-container\">\n\t\t\t<style>\/*! elementor - v3.20.0 - 13-03-2024 *\/\n.elementor-widget-text-editor.elementor-drop-cap-view-stacked .elementor-drop-cap{background-color:#69727d;color:#fff}.elementor-widget-text-editor.elementor-drop-cap-view-framed .elementor-drop-cap{color:#69727d;border:3px solid;background-color:transparent}.elementor-widget-text-editor:not(.elementor-drop-cap-view-default) .elementor-drop-cap{margin-top:8px}.elementor-widget-text-editor:not(.elementor-drop-cap-view-default) .elementor-drop-cap-letter{width:1em;height:1em}.elementor-widget-text-editor .elementor-drop-cap{float:left;text-align:center;line-height:1;font-size:50px}.elementor-widget-text-editor .elementor-drop-cap-letter{display:inline-block}<\/style>\t\t\t\t<h2 style=\"text-align: center;\"><span style=\"color: #0000ff;\"><strong>CONSEIL FEDERAL<\/strong><\/span><\/h2>\t\t\t\t\t\t<\/div>\n\t\t\t\t<\/div>\n\t\t\t\t\t<\/div>\n\t\t<\/div>\n\t\t\t\t\t<\/div>\n\t\t<\/section>\n\t\t\t\t<section class=\"elementor-section elementor-top-section elementor-element elementor-element-b0ed07c elementor-section-boxed elementor-section-height-default elementor-section-height-default wpr-particle-no wpr-jarallax-no wpr-parallax-no wpr-sticky-section-no\" data-id=\"b0ed07c\" data-element_type=\"section\">\n\t\t\t\t\t\t<div class=\"elementor-container elementor-column-gap-default\">\n\t\t\t\t\t<div class=\"elementor-column elementor-col-50 elementor-top-column elementor-element elementor-element-927ff29\" data-id=\"927ff29\" data-element_type=\"column\">\n\t\t\t<div class=\"elementor-widget-wrap elementor-element-populated\">\n\t\t\t\t\t\t<div class=\"elementor-element elementor-element-45662b1 elementor-widget elementor-widget-text-editor\" data-id=\"45662b1\" data-element_type=\"widget\" data-widget_type=\"text-editor.default\">\n\t\t\t\t<div class=\"elementor-widget-container\">\n\t\t\t\t\t\t\t<p style=\"color: #000000; font-family: Montserrat, sans-serif; text-align: justify; line-height: 21px;\"><span style=\"font-size: 12pt; line-height: 24px;\">Il est l\u2019organe de supervision, d\u2019orientation des actions et de d\u00e9lib\u00e9ration de la FENASU. Il est \u00e0 ce titre, charg\u00e9 de\u00a0:<\/span><\/p><p style=\"color: #000000; font-family: Montserrat, sans-serif; text-align: justify; line-height: 21px;\"><span style=\"font-size: 12pt; line-height: 24px;\">D\u00e9finir les strat\u00e9gies d\u2019op\u00e9rationnalisation des orientations fix\u00e9es par le Gouvernement\u00a0;<\/span><\/p><p style=\"color: #000000; font-family: Montserrat, sans-serif; text-align: justify; line-height: 21px;\"><span style=\"font-size: 12pt; line-height: 24px;\">D\u00e9finir, orienter et contr\u00f4ler les actions du bureau ex\u00e9cutif national\u00a0;<\/span><\/p><p style=\"color: #000000; font-family: Montserrat, sans-serif; text-align: justify; line-height: 21px;\"><span style=\"font-size: 12pt; line-height: 24px;\">Evaluer le fonctionnement du bureau ex\u00e9cutif\u00a0;\u00a0<\/span><\/p><p style=\"color: #000000; font-family: Montserrat, sans-serif; text-align: justify; line-height: 21px;\"><span style=\"font-size: 12pt; font-weight: var( --e-global-typography-text-font-weight ); background-color: var(--bs-body-bg);\">Fixer les r\u00e8gles d\u2019organisation des activit\u00e9s et des comp\u00e9titions de la FENASU suivant les normes arr\u00eat\u00e9es par les Minist\u00e8res concern\u00e9s\u00a0;<\/span><\/p>\t\t\t\t\t\t<\/div>\n\t\t\t\t<\/div>\n\t\t\t\t\t<\/div>\n\t\t<\/div>\n\t\t\t\t<div class=\"elementor-column elementor-col-50 elementor-top-column elementor-element elementor-element-1b0361b\" data-id=\"1b0361b\" data-element_type=\"column\">\n\t\t\t<div class=\"elementor-widget-wrap elementor-element-populated\">\n\t\t\t\t\t\t<div class=\"elementor-element elementor-element-6267859 elementor-widget elementor-widget-image\" data-id=\"6267859\" data-element_type=\"widget\" data-widget_type=\"image.default\">\n\t\t\t\t<div class=\"elementor-widget-container\">\n\t\t\t<style>\/*! elementor - v3.20.0 - 13-03-2024 *\/\n.elementor-widget-image{text-align:center}.elementor-widget-image a{display:inline-block}.elementor-widget-image a img[src$=\".svg\"]{width:48px}.elementor-widget-image img{vertical-align:middle;display:inline-block}<\/style>\t\t\t\t\t\t\t<figure class=\"wp-caption\">\n\t\t\t\t\t\t\t\t\t\t<img fetchpriority=\"high\" decoding=\"async\" width=\"300\" height=\"225\" src=\"https:\/\/fenasu.cm\/wp-content\/uploads\/2024\/03\/WhatsApp-Image-2020-05-05-at-11.06.05-1-300x225-1.jpeg\" class=\"attachment-large size-large wp-image-6080\" alt=\"\" \/>\t\t\t\t\t\t\t\t\t\t\t<figcaption class=\"widget-image-caption wp-caption-text\">PRESIDENT DU CONSEIL FEDERAL<\/figcaption>\n\t\t\t\t\t\t\t\t\t\t<\/figure>\n\t\t\t\t\t\t\t<\/div>\n\t\t\t\t<\/div>\n\t\t\t\t\t<\/div>\n\t\t<\/div>\n\t\t\t\t\t<\/div>\n\t\t<\/section>\n\t\t<div class=\"elementor-element elementor-element-256af51 e-flex e-con-boxed wpr-particle-no wpr-jarallax-no wpr-parallax-no wpr-sticky-section-no e-con e-parent\" data-id=\"256af51\" data-element_type=\"container\" data-core-v316-plus=\"true\">\n\t\t\t\t\t<div class=\"e-con-inner\">\n\t\t\t\t<div class=\"elementor-element elementor-element-a089ce3 elementor-widget elementor-widget-text-editor\" data-id=\"a089ce3\" data-element_type=\"widget\" data-widget_type=\"text-editor.default\">\n\t\t\t\t<div class=\"elementor-widget-container\">\n\t\t\t\t\t\t\t<p><span style=\"font-size: 12pt; color: #000000; font-family: Montserrat, sans-serif; text-align: justify; font-weight: var( --e-global-typography-text-font-weight ); background-color: var(--bs-body-bg);\">Adopter le budget, l\u2019organigramme, le r\u00e8glement int\u00e9rieur, la grille des r\u00e9mun\u00e9rations et des avantages \u00e0 accorder aux personnels, sur proposition du BEN\u00a0;<\/span><\/p><p style=\"color: #000000; font-family: Montserrat, sans-serif; text-align: justify; line-height: 21px;\"><span style=\"font-size: 12pt; line-height: 24px;\">Contr\u00f4ler le fonctionnement des organes de la F\u00e9d\u00e9ration \u00e0 tous les niveaux\u00a0;<\/span><\/p><p style=\"color: #000000; font-family: Montserrat, sans-serif; text-align: justify; line-height: 21px;\"><span style=\"font-size: 12pt; line-height: 24px;\">Adopter le calendrier des comp\u00e9titions nationales\u00a0;<\/span><\/p><p style=\"color: #000000; font-family: Montserrat, sans-serif; text-align: justify; line-height: 21px;\"><span style=\"font-size: 12pt; line-height: 24px;\">Valider les r\u00e9sultats des comp\u00e9titions\u00a0;<\/span><\/p><p style=\"color: #000000; font-family: Montserrat, sans-serif; text-align: justify; line-height: 21px;\"><span style=\"font-size: 12pt; line-height: 24px;\">Sanctionner les fautes commises par les membres de la F\u00e9d\u00e9ration dans l\u2019exercice ou \u00e0 l\u2019occasion de l\u2019exercice de leurs fonctions\u00a0;<\/span><\/p><p style=\"color: #000000; font-family: Montserrat, sans-serif; text-align: justify; line-height: 21px;\"><span style=\"font-size: 12pt; line-height: 24px;\">Contr\u00f4ler l\u2019ex\u00e9cution du budget par le BEN.<\/span><\/p><p style=\"color: #000000; font-family: Montserrat, sans-serif; text-align: justify; line-height: 21px;\"><span style=\"font-size: 12pt; line-height: 24px;\">Le Conseil F\u00e9d\u00e9ral se r\u00e9unit en session ordinaire au moins deux (02) fois par an sur convocation de son pr\u00e9sident, dont une (01) fois pour le vote du budget et une fois pour arr\u00eater les \u00e9tats financiers annuels et examiner la marche de la F\u00e9d\u00e9ration. Le CF peut \u00e9galement se r\u00e9unir en session extraordinaire \u00e0 l\u2019initiative du Pr\u00e9sident ou d\u2019un tiers (1\/3) des membres. Il est compos\u00e9 comme suit\u00a0:<\/span><\/p><p style=\"color: #000000; font-family: Montserrat, sans-serif; text-align: justify; line-height: 21px;\"><span style=\"font-size: 12pt; line-height: 24px;\">Pr\u00e9sident\u00a0: le Ministre charg\u00e9 de l\u2019enseignement sup\u00e9rieur<\/span><\/p><p style=\"color: #000000; font-family: Montserrat, sans-serif; text-align: justify; line-height: 21px;\"><span style=\"font-size: 12pt; line-height: 24px;\">Vice \u2013 pr\u00e9sident\u00a0: le Ministre charg\u00e9 des sports<\/span><\/p><p style=\"color: #000000; font-family: Montserrat, sans-serif; text-align: justify; line-height: 21px;\"><span style=\"font-size: 12pt; line-height: 24px;\">Membres\u00a0:<\/span><\/p><p style=\"color: #000000; font-family: Montserrat, sans-serif; text-align: justify; line-height: 21px;\"><span style=\"font-size: 12pt; line-height: 24px;\">Le Ministre charg\u00e9 des enseignements secondaires\u00a0;<\/span><\/p><p style=\"color: #000000; font-family: Montserrat, sans-serif; text-align: justify; line-height: 21px;\"><span style=\"font-size: 12pt; line-height: 24px;\">Le Ministre charg\u00e9 de l\u2019\u00e9ducation de base\u00a0;<\/span><\/p><p style=\"color: #000000; font-family: Montserrat, sans-serif; text-align: justify; line-height: 21px;\"><span style=\"font-size: 12pt; line-height: 24px;\">Le Ministre charg\u00e9 de la sant\u00e9 publique\u00a0;<\/span><\/p><p style=\"color: #000000; font-family: Montserrat, sans-serif; text-align: justify; line-height: 21px;\"><span style=\"font-size: 12pt; line-height: 24px;\">Le Ministre charg\u00e9 de la Jeunesse\u00a0;<\/span><\/p><p style=\"color: #000000; font-family: Montserrat, sans-serif; text-align: justify; line-height: 21px;\"><span style=\"font-size: 12pt; line-height: 24px;\">Le Ministre charg\u00e9 des affaires sociales\u00a0;<\/span><\/p><p style=\"color: #000000; font-family: Montserrat, sans-serif; text-align: justify; line-height: 21px;\"><span style=\"font-size: 12pt; line-height: 24px;\">Le Ministre charg\u00e9 des finances\u00a0;<\/span><\/p><p style=\"color: #000000; font-family: Montserrat, sans-serif; text-align: justify; line-height: 21px;\"><span style=\"font-size: 12pt; line-height: 24px;\">Les Recteurs des universit\u00e9s d\u2019Etat\u00a0;<\/span><\/p><p style=\"color: #000000; font-family: Montserrat, sans-serif; text-align: justify; line-height: 21px;\"><span style=\"font-size: 12pt; line-height: 24px;\">Les chefs des institutions publiques et priv\u00e9es d\u2019enseignement sup\u00e9rieur affili\u00e9es \u00e0 la FENASU\u00a0;<\/span><\/p><p style=\"color: #000000; font-family: Montserrat, sans-serif; text-align: justify; line-height: 21px;\"><span style=\"font-size: 12pt; line-height: 24px;\">Deux (02) d\u00e9l\u00e9gu\u00e9s des \u00e9tudiants repr\u00e9sentant les institutions publiques et priv\u00e9es de l\u2019enseignement sup\u00e9rieur, d\u00e9sign\u00e9s par leurs pairs.<\/span><\/p><p style=\"color: #000000; font-family: Montserrat, sans-serif; text-align: center;\">\u00a0<\/p><p style=\"color: #000000; font-family: Montserrat, sans-serif; text-align: justify; line-height: 21px;\"><span style=\"font-size: 12pt; line-height: 24px;\">Le Pr\u00e9sident du BEN assure le secr\u00e9tariat du conseil f\u00e9d\u00e9ral.\u00a0<\/span><\/p>\t\t\t\t\t\t<\/div>\n\t\t\t\t<\/div>\n\t\t\t\t\t<\/div>\n\t\t\t\t<\/div>\n\t\t\t\t<\/div>\n\t\t","protected":false},"excerpt":{"rendered":"<p>CONSEIL FEDERAL Il est l\u2019organe de supervision, d\u2019orientation des actions et de d\u00e9lib\u00e9ration de la FENASU. Il est \u00e0 ce titre, charg\u00e9 de\u00a0: D\u00e9finir les strat\u00e9gies d\u2019op\u00e9rationnalisation des orientations fix\u00e9es par le Gouvernement\u00a0; D\u00e9finir, orienter et contr\u00f4ler les actions du bureau ex\u00e9cutif national\u00a0; Evaluer le fonctionnement du bureau ex\u00e9cutif\u00a0;\u00a0 Fixer les r\u00e8gles d\u2019organisation des activit\u00e9s et des comp\u00e9titions de la FENASU suivant les normes arr\u00eat\u00e9es par les Minist\u00e8res concern\u00e9s\u00a0; PRESIDENT DU CONSEIL FEDERAL Adopter le budget, l\u2019organigramme, le r\u00e8glement int\u00e9rieur, la grille des r\u00e9mun\u00e9rations et des avantages \u00e0 accorder aux personnels, sur proposition du BEN\u00a0; Contr\u00f4ler le fonctionnement des organes de la F\u00e9d\u00e9ration \u00e0 tous les niveaux\u00a0; Adopter le calendrier des comp\u00e9titions nationales\u00a0; Valider les r\u00e9sultats des comp\u00e9titions\u00a0; Sanctionner les fautes commises par les membres de la F\u00e9d\u00e9ration dans l\u2019exercice ou \u00e0 l\u2019occasion de l\u2019exercice de leurs fonctions\u00a0; Contr\u00f4ler l\u2019ex\u00e9cution du budget par le BEN. Le Conseil F\u00e9d\u00e9ral se r\u00e9unit en session ordinaire au moins deux (02) fois par an sur convocation de son pr\u00e9sident, dont une (01) fois pour le vote du budget et une fois pour arr\u00eater les \u00e9tats financiers annuels et examiner la marche de la F\u00e9d\u00e9ration. Le CF peut \u00e9galement se r\u00e9unir en session extraordinaire \u00e0 l\u2019initiative du Pr\u00e9sident ou d\u2019un tiers (1\/3) des membres. Il est compos\u00e9 comme suit\u00a0: Pr\u00e9sident\u00a0: le Ministre charg\u00e9 de l\u2019enseignement sup\u00e9rieur Vice \u2013 pr\u00e9sident\u00a0: le Ministre charg\u00e9 des sports Membres\u00a0: Le Ministre charg\u00e9 des enseignements secondaires\u00a0; Le Ministre charg\u00e9 de l\u2019\u00e9ducation de base\u00a0; Le Ministre charg\u00e9 de la sant\u00e9 publique\u00a0; Le Ministre charg\u00e9 de la Jeunesse\u00a0; Le Ministre charg\u00e9 des affaires sociales\u00a0; Le Ministre charg\u00e9 des finances\u00a0; Les Recteurs des universit\u00e9s d\u2019Etat\u00a0; Les chefs des institutions publiques et priv\u00e9es d\u2019enseignement sup\u00e9rieur affili\u00e9es \u00e0 la FENASU\u00a0; Deux (02) d\u00e9l\u00e9gu\u00e9s des \u00e9tudiants repr\u00e9sentant les institutions publiques et priv\u00e9es de l\u2019enseignement sup\u00e9rieur, d\u00e9sign\u00e9s par leurs pairs. \u00a0 Le Pr\u00e9sident du BEN assure le secr\u00e9tariat du conseil f\u00e9d\u00e9ral.\u00a0<\/p>\n","protected":false},"author":1,"featured_media":0,"parent":0,"menu_order":0,"comment_status":"closed","ping_status":"closed","template":"","meta":{"iawp_total_views":11,"footnotes":""},"class_list":["post-5578","page","type-page","status-publish","hentry"],"jetpack_sharing_enabled":true,"rttpg_featured_image_url":null,"rttpg_author":{"display_name":"fenasu","author_link":"https:\/\/fenasu.cm\/index.php\/author\/fenasu\/"},"rttpg_comment":0,"rttpg_category":null,"rttpg_excerpt":"CONSEIL FEDERAL Il est l\u2019organe de supervision, d\u2019orientation des actions et de d\u00e9lib\u00e9ration de la FENASU. Il est \u00e0 ce titre, charg\u00e9 de\u00a0: D\u00e9finir les strat\u00e9gies d\u2019op\u00e9rationnalisation des orientations fix\u00e9es par le Gouvernement\u00a0; D\u00e9finir, orienter et contr\u00f4ler les actions du bureau ex\u00e9cutif national\u00a0; Evaluer le fonctionnement du bureau ex\u00e9cutif\u00a0;\u00a0 Fixer les r\u00e8gles d\u2019organisation des activit\u00e9s\u2026","_links":{"self":[{"href":"https:\/\/fenasu.cm\/index.php\/wp-json\/wp\/v2\/pages\/5578","targetHints":{"allow":["GET"]}}],"collection":[{"href":"https:\/\/fenasu.cm\/index.php\/wp-json\/wp\/v2\/pages"}],"about":[{"href":"https:\/\/fenasu.cm\/index.php\/wp-json\/wp\/v2\/types\/page"}],"author":[{"embeddable":true,"href":"https:\/\/fenasu.cm\/index.php\/wp-json\/wp\/v2\/users\/1"}],"replies":[{"embeddable":true,"href":"https:\/\/fenasu.cm\/index.php\/wp-json\/wp\/v2\/comments?post=5578"}],"version-history":[{"count":13,"href":"https:\/\/fenasu.cm\/index.php\/wp-json\/wp\/v2\/pages\/5578\/revisions"}],"predecessor-version":[{"id":6119,"href":"https:\/\/fenasu.cm\/index.php\/wp-json\/wp\/v2\/pages\/5578\/revisions\/6119"}],"wp:attachment":[{"href":"https:\/\/fenasu.cm\/index.php\/wp-json\/wp\/v2\/media?parent=5578"}],"curies":[{"name":"wp","href":"https:\/\/api.w.org\/{rel}","templated":true}]}}